42.
2, 7, 1979
What are the prime factors of 2669?
17, 157
What are the prime factors of 784?
2, 7
What are the prime factors of 4024?
2, 503
List the prime factors of 74998.
2, 7, 11, 487
List the prime factors of 28052.
2, 7013
List the prime factors of 27920.
2, 5, 349
What are the prime factors of 124?
2, 31
List the prime factors of 4464.
2, 3, 31
List the prime factors of 5195.
5, 1039
List the prime factors of 609.
3, 7, 29
List the prime factors of 157.
157
What are the prime factors of 30936?
2, 3, 1289
List the prime factors of 5791.
5791
What are the prime factors of 1661?
11, 151
List the prime factors of 39166.
2, 19583
What are the prime factors of 2051?
7, 293
List the prime factors of 3285.
3, 5, 73
What are the prime factors of 135713?
113, 1201
List the prime factors of 25957.
101, 257
List the prime factors of 563.
563
List the prime factors of 10771.
10771
List the prime factors of 16288.
2, 509
List the prime factors of 1859.
11, 13
What are the prime factors of 38609?
38609
What are the prime factors of 17220?
2, 3, 5, 7, 41
What are the prime factors of 19?
19
List the prime factors of 633.
3, 211
What are the prime factors of 4530?
2, 3, 5, 151
List the prime factors of 5508.
2, 3, 17
List the prime factors of 38456.
2, 11, 19, 23
List the prime factors of 844.
2, 211
What are the prime factors of 1641?
3, 547
List the prime factors of 2899.
13, 223
List the prime factors of 2011.
2011
What are the prime factors of 295?
5, 59
List the prime factors of 26847.
3, 19, 157
List the prime factors of 9558.
2, 3, 59
List the prime factors of 4804.
2, 1201
What are the prime factors of 1405?
5, 281
List the prime factors of 1731.
3, 577
What are the prime factors of 10571?
11, 31
What are the prime factors of 43613?
43613
What are the prime factors of 69460?
2, 5, 23, 151
What are the prime factors of 115382?
2, 31, 1861
What are the prime factors of 11192?
2, 1399
List the prime factors of 82.
2, 41
What are the prime factors of 2545?
5, 509
List the prime factors of 4448.
2, 139
List the prime factors of 18826.
2, 9413
List the prime factors of 11941.
11941
List the prime factors of 12074.
2, 6037
What are the prime factors of 39078?
2, 3, 13, 167
What are the prime factors of 354?
2, 3, 59
What are the prime factors of 48422?
2, 11, 31, 71
List the prime factors of 1088.
2, 17
What are the prime factors of 120?
2, 3, 5
What are the prime factors of 20695?
5, 4139
What are the prime factors of 3599?
59, 61
List the prime factors of 62906.
2, 71, 443
What are the prime factors of 71317?
71317
List the prime factors of 16110.
2, 3, 5, 179
List the prime factors of 28995.
3, 5, 1933
List the prime factors of 2275.
5, 7, 13
What are the prime factors of 3362?
2, 41
List the prime factors of 271.
271
List the prime factors of 4996.
2, 1249
List the prime factors of 20261.
20261
What are the prime factors of 313?
313
What are the prime factors of 5551?
7, 13, 61
List the prime factors of 18380.
2, 5, 919
What are the prime factors of 8096?
2, 11, 23
What are the prime factors of 4650?
2, 3, 5, 31
What are the prime factors of 41928?
2, 3, 1747
List the prime factors of 713.
23, 31
What are the prime factors of 26760?
2, 3, 5, 223
List the prime factors of 2012.
2, 503
List the prime factors of 605.
5, 11
List the prime factors of 3022.
2, 1511
List the prime factors of 17974.
2, 11, 19, 43
List the prime factors of 165230.
2, 5, 13, 31, 41
What are the prime factors of 8086?
2, 13, 311
What are the prime factors of 1029?
3, 7
List the prime factors of 26146.
2, 17, 769
What are the prime factors of 1100?
2, 5, 11
List the prime factors of 52921.
11, 17, 283
List the prime factors of 19975.
5, 17, 47
What are the prime factors of 4353?
3, 1451
List the prime factors of 678.
2, 3, 113
What are the prime factors of 2143?
2143
What are the prime factors of 46515?
3, 5, 7, 443
List the prime factors of 13878.
2, 3, 257
What are the prime factors of 8534?
2, 17, 251
List the prime factors of 454.
2, 227
List the prime factors of 587.
587
List the prime factors of 2384.
2, 149
List the prime factors of 194442.
2, 3, 23, 1409
What are the prime factors of 54558?
2, 3, 7, 433
What are the prime factors of 198923?
67, 2969
What are the prime factors of 22952?
2, 19, 151
What are the prime factors of 14501?
17, 853
What are the prime factors of 1785?
3, 5, 7, 17
List the prime factors of 1377.
3, 17
What are the prime factors of 63486?
2, 3, 3527
List the prime factors of 1040.
2, 5, 13
List the prime factors of 46801.
17, 2753
What are the prime factors of 3303?
3, 367
What are the prime factors of 11?
11
What are the prime factors of 138?
2, 3, 23
List the prime factors of 25338.
2, 3, 41, 103
List the prime factors of 4575.
3, 5, 61
List the prime factors of 12246.
2, 3, 13, 157
List the prime factors of 13543.
29, 467
What are the prime factors of 76?
2, 19
What are the prime factors of 41663?
61, 683
List the prime factors of 57400.
2, 5, 7, 41
List the prime factors of 1429.
1429
What are the prime factors of 59067?
3, 6563
What are the prime factors of 3704?
2, 463
What are the prime factors of 20222?
2, 10111
List the prime factors of 3647.
7, 521
List the prime factors of 2523.
3, 29
List the prime factors of 1825.
5, 73
What are the prime factors of 41?
41
List the prime factors of 922.
2, 461
List the prime factors of 2948.
2, 11, 67
List the prime factors of 9182.
2, 4591
What are the prime factors of 293?
293
What are the prime factors of 13225?
5, 23
List the prime factors of 748.
2, 11, 17
What are the prime factors of 47562?
2, 3, 7927
List the prime factors of 258.
2, 3, 43
List the prime factors of 206.
2, 103
What are the prime factors of 4624?
2, 17
List the prime factors of 4486.
2, 2243
What are the prime factors of 9942?
2, 3, 1657
List the prime factors of 1960.
2, 5, 7
What are the prime factors of 198?
2, 3, 11
List the prime factors of 72092.
2, 67, 269
What are the prime factors of 679?
7, 97
List the prime factors of 1330.
2, 5, 7, 19
List the prime factors of 6959.
6959
List the prime factors of 179471.
179471
List the prime factors of 5079.
3, 1693
List the prime factors of 72052.
2, 18013
List the prime factors of 4944.
2, 3, 103
List the prime factors of 725.
5, 29
List the prime factors of 77575.
5, 29, 107
What are the prime factors of 9400?
2, 5, 47
List the prime factors of 6932.
2, 1733
List the prime factors of 7403.
11, 673
List the prime factors of 1238.
2, 619
What are the prime factors of 2213?
2213
What are the prime factors of 3158?
2, 1579
What are the prime factors of 26190?
2, 3, 5, 97
List the prime factors of 10096.
2, 631
List the prime factors of 6367.
6367
What are the prime factors of 413?
7, 59
List the prime factors of 10178.
2, 7, 727
What are the prime factors of 2589?
3, 863
List the prime factors of 1864.
2, 233
What are the prime factors of 805?
5, 7, 23
List the prime factors of 67570.
2, 5, 29, 233
What are the prime factors of 80578?
2, 40289
What are the prime factors of 1832?
2, 229
What are the prime factors of 3180?
2, 3, 5, 53
List the prime factors of 3962.
2, 7, 283
What are the prime factors of 6633?
3, 11, 67
What are the prime factors of 22977?
3, 23, 37
List the prime factors of 3125.
5
What are the prime factors of 4268?
2, 11, 97
What are the prime factors of 608?
2, 19
List the prime factors of 1169.
7, 167
List the prime factors of 2525.
5, 101
List the prime factors of 822.
2, 3, 137
List the prime factors of 22443.
3, 7481
List the prime factors of 177610.
2, 5, 17761
List the prime factors of 3804.
2, 3, 317
List the prime factors of 21646.
2, 79, 137
What are the prime factors of 58195?
5, 103, 113
List the prime factors of 228.
2, 3, 19
What are the prime factors of 621?
3, 23
What are the prime factors of 1082?
2, 541
What are the prime factors of 1412?
2, 353
What are the prime factors of 553?
7, 79
List the prime factors of 5556.
2, 3, 463
List the prime factors of 3358.
2, 23, 73
List the prime factors of 2857.
2857
List the prime factors of 54327.
3, 7, 13, 199
List the prime factors of 29856.
2, 3, 311
What are the prime factors of 28854?
2, 3, 7, 229
What are the prime factors of 3692?
2, 13, 71
List the prime factors of 4155.
3, 5, 277
What are th